f 664079?
13, 23, 2221
What are the prime factors of 14381325?
3, 5, 7, 23, 397
What are the prime factors of 715450?
2, 5, 41, 349
List the prime factors of 1111979.
11, 101089
What are the prime factors of 1715639?
23, 97, 769
What are the prime factors of 25778233?
13, 37, 53593
List the prime factors of 872830.
2, 5, 7, 37, 337
List the prime factors of 23977.
23977
What are the prime factors of 1527333?
3, 59, 8629
What are the prime factors of 667?
23, 29
List the prime factors of 271009.
23, 11783
List the prime factors of 19150422.
2, 3, 3191737
List the prime factors of 34412.
2, 7, 1229
What are the prime factors of 289093?
7, 41299
List the prime factors of 209166.
2, 3, 71, 491
What are the prime factors of 2468075?
5, 269, 367
List the prime factors of 2816824.
2, 79, 4457
What are the prime factors of 2959662?
2, 3, 493277
What are the prime factors of 869490?
2, 3, 5, 9661
What are the prime factors of 835837?
137, 6101
What are the prime factors of 21800?
2, 5, 109
What are the prime factors of 727927?
23, 31649
List the prime factors of 2415872.
2, 9437
List the prime factors of 2421137.
2421137
What are the prime factors of 917556?
2, 3, 76463
What are the prime factors of 147181?
53, 2777
List the prime factors of 3255173.
47, 69259
What are the prime factors of 13779794?
2, 7, 269, 3659
List the prime factors of 4113720.
2, 3, 5, 13, 293
List the prime factors of 48432.
2, 3, 1009
What are the prime factors of 2400294?
2, 3, 13, 30773
List the prime factors of 328715.
5, 29, 2267
What are the prime factors of 585897?
3, 13, 83, 181
List the prime factors of 1679516.
2, 643, 653
What are the prime factors of 36045452?
2, 193, 46691
What are the prime factors of 21312?
2, 3, 37
What are the prime factors of 372857?
179, 2083
List the prime factors of 8645490.
2, 3, 5, 7, 13723
List the prime factors of 16605014.
2, 479, 17333
What are the prime factors of 3095667?
3, 343963
What are the prime factors of 263196?
2, 3, 2437
What are the prime factors of 8678431?
1451, 5981
What are the prime factors of 8906413?
8906413
List the prime factors of 9710456.
2, 7, 59, 2939
List the prime factors of 5593956.
2, 3, 37, 43, 293
What are the prime factors of 7649622?
2, 3, 31, 13709
List the prime factors of 702174.
2, 3, 11, 10639
List the prime factors of 492868.
2, 123217
What are the prime factors of 258147?
3, 3187
What are the prime factors of 10374291?
3, 173, 2221
List the prime factors of 2128099.
2128099
List the prime factors of 5826488.
2, 101, 7211
What are the prime factors of 3214105?
5, 17, 37813
What are the prime factors of 280023?
3, 31, 3011
List the prime factors of 214671.
3, 163, 439
What are the prime factors of 8218246?
2, 43, 95561
List the prime factors of 2732037.
3, 7, 11, 11827
What are the prime factors of 1941488?
2, 121343
What are the prime factors of 189227?
17, 11131
What are the prime factors of 83761?
83761
What are the prime factors of 182989?
19, 9631
What are the prime factors of 362133?
3, 40237
What are the prime factors of 129378?
2, 3, 21563
What are the prime factors of 2962862?
2, 7, 17, 59, 211
List the prime factors of 3438751.
3438751
What are the prime factors of 3407610?
2, 3, 5, 97, 1171
What are the prime factors of 21840?
2, 3, 5, 7, 13
What are the prime factors of 129311?
7, 13, 29
List the prime factors of 16091994.
2, 3, 907, 2957
List the prime factors of 1207503.
3, 11, 12197
What are the prime factors of 2914776?
2, 3, 40483
List the prime factors of 166358.
2, 223, 373
What are the prime factors of 3701620?
2, 5, 13, 23, 619
List the prime factors of 23983.
29, 827
List the prime factors of 95038.
2, 19, 41, 61
What are the prime factors of 490054?
2, 59, 4153
List the prime factors of 4076968.
2, 7, 47, 1549
List the prime factors of 5026181.
733, 6857
What are the prime factors of 505113?
3, 7, 67, 359
What are the prime factors of 3402581?
7, 13, 139, 269
List the prime factors of 5303340.
2, 3, 5, 7, 23, 61
What are the prime factors of 2794529?
2794529
List the prime factors of 3084399.
3, 4231
List the prime factors of 22037211.
3, 7, 16657
List the prime factors of 11763242.
2, 19, 309559
List the prime factors of 11432214.
2, 3, 757, 839
List the prime factors of 1590894.
2, 3, 17, 1733
List the prime factors of 37581824.
2, 7, 107
What are the prime factors of 150185?
5, 7, 613
What are the prime factors of 406393?
13, 43, 727
List the prime factors of 15206136.
2, 3, 11, 239, 241
List the prime factors of 8447070.
2, 3, 5, 271, 1039
What are the prime factors of 1675729?
11, 1259
What are the prime factors of 61618?
2, 30809
List the prime factors of 3228772.
2, 807193
What are the prime factors of 18682824?
2, 3, 373, 2087
What are the prime factors of 1917919?
787, 2437
List the prime factors of 52159.
43, 1213
What are the prime factors of 212338?
2, 7, 29, 523
List the prime factors of 3252419.
3252419
What are the prime factors of 311216?
2, 53, 367
List the prime factors of 1100631.
3, 7, 17, 3083
What are the prime factors of 8868982?
2, 4434491
What are the prime factors of 539149?
13, 67, 619
List the prime factors of 25311443.
25311443
List the prime factors of 6881174.
2, 1607, 2141
What are the prime factors of 407796?
2, 3, 17, 1999
List the prime factors of 14092942.
2, 73, 96527
List the prime factors of 5317342.
2, 2658671
What are the prime factors of 152389?
152389
What are the prime factors of 6903278?
2, 67, 51517
List the prime factors of 3927817.
1523, 2579
List the prime factors of 6811702.
2, 173, 19687
What are the prime factors of 567738?
2, 3, 31541
What are the prime factors of 351081?
3, 13003
What are the prime factors of 167185?
5, 29, 1153
What are the prime factors of 235656?
2, 3, 1091
List the prime factors of 815894.
2, 407947
List the prime factors of 1534545.
3, 5, 421
What are the prime factors of 1427003?
29, 49207
What are the prime factors of 171620?
2, 5, 8581
List the prime factors of 222230.
2, 5, 71, 313
List the prime factors of 137101.
71, 1931
What are the prime factors of 910769?
263, 3463
What are the prime factors of 2721962?
2, 1360981
What are the prime factors of 5099450?
2, 5, 79, 1291
List the prime factors of 270092.
2, 67523
What are the prime factors of 18340218?
2, 3, 13, 6029
What are the prime factors of 154520?
2, 5, 3863
What are the prime factors of 435972?
2, 3, 47, 773
What are the prime factors of 190138?
2, 13, 71, 103
What are the prime factors of 1402260?
2, 3, 5, 23371
List the prime factors of 236428.
2, 59107
List the prime factors of 11266120.
2, 5, 281653
List the prime factors of 18815518.
2, 23, 409033
What are the prime factors of 20638368?
2, 3, 23887
What are the prime factors of 1456394?
2, 37, 19681
What are the prime factors of 103051?
13, 7927
What are the prime factors of 335697?
3, 149, 751
What are the prime factors of 185930?
2, 5, 18593
List the prime factors of 1276560.
2, 3, 5, 197
List the prime factors of 3624551.
7, 31, 16703
What are the prime factors of 997308?
2, 3, 13, 2131
What are the prime factors of 319784?
2, 71, 563
What are the prime factors of 764871?
3, 137, 1861
List the prime factors of 401969.
29, 83, 167
List the prime factors of 1692474.
2, 3, 7, 59, 683
List the prime factors of 2746346.
2, 1373173
List the prime factors of 147910.
2, 5, 7, 2113
List the prime factors of 1218888.
2, 3, 11, 19
List the prime factors of 2176176.
2, 3, 45337
What are the prime factors of 641657?
173, 3709
What are the prime factors of 23996352?
2, 3, 124981
What are the prime factors of 976033?
976033
What are the prime factors of 1998649?
1013, 1973
List the prime factors of 464529.
3, 13, 43, 277
What are the prime factors of 431150?
2, 5, 8623
List the prime factors of 24370563.
3, 7, 1160503
What are the prime factors of 970393?
23, 31, 1361
What are the prime factors of 1273295?
5, 254659
What are the prime factors of 177605?
5, 35521
List the prime factors of 12318391.
79, 211, 739
List the prime factors of 12466778.
2, 6233389
List the prime factors of 1094782.
2, 13, 41, 79
List the prime factors of 1633622.
2, 816811
What are the prime factors of 13342061?
53, 251737
List the prime factors of 5718639.
3, 19, 41, 2447
What are the prime factors of 185147?
17,